 x + 0*a = -2*a + 42, v*a + 26 = x. Let o = 767 - 393. What is the highest common divisor of o and x?
34
Let j(m) = -5*m + 124. Let t be j(24). Suppose -1475 = -t*h - 3*i, 2*i + 0*i + 1102 = 3*h. What is the greatest common divisor of h and 23?
23
Let c be (24/(-15))/((-3)/(30/4)). Suppose -c*d - 91 = -451. Calculate the highest common factor of 10 and d.
10
Let k(w) = -20*w - 11. Suppose -103 = 5*c + 157. Let g be c/24 + (-2)/(-12). Let o be k(g). What is the greatest common divisor of 29 and o?
29
Suppose -16*h - 24*h + 25417 = -64263. What is the greatest common divisor of 19 and h?
19
Let i = 76 - 44. Suppose 0 = 5*q - i + 12, 5*q = -2*x + 152. What is the greatest common factor of 66 and x?
66
Suppose -48 = 3*t - 60. Suppose 5*p + q - 246 = 0, -t*p + 4*q + 77 = -139. What is the highest common divisor of 2 and p?
2
Let x(n) = -225*n - 447. Let p be x(-2). What is the greatest common factor of p and 3?
3
Suppose -5 + 141 = 4*s. Let t = 18 - 21. Let m be t/((-6)/176) - 36/12. What is the highest common factor of m and s?
17
Suppose 11*a + x + 10 = 12*a, -2*a = -3*x - 22. Let z be -1 + a + 26 + 0. Calculate the greatest common factor of z and 11.
11
Suppose v = -1 - 3, 5*a + 3*v - 3 = 0. Suppose 5*r + b = 36, 14 + 6 = a*r + b. What is the highest common divisor of 24 and r?
8
Let y be (-2)/8 - 13/(-4). Suppose 0 = -0*l - y*l + 129. Let j = -24124 - -24253. Calculate the highest common factor of j and l.
43
Let i(d) = -d**3 + 13*d**2 + 5. Let h be i(13). Suppose -2*q - 2*u = -14, 0 = -h*q + 2*u + 30 + 12. Calculate the greatest common factor of q and 8.
8
Let a(z) = z**2 + 7*z - 26. Let n be a(4). Suppose 144 = 7*m + m. Calculate the highest common divisor of m and n.
18
Let m(z) = z**3 + 6*z**2 - 2*z - 4. Let k be m(-6). Let i be -4 + ((-40)/(-15))/k*24. Calculate the highest common factor of 16 and i.
4
Let i = 3728 + -3708. What is the highest common factor of 2440 and i?
20
Let g = -74 + 116. Let b(i) = -84*i - 462. Let u be b(-7). What is the highest common divisor of g and u?
42
Suppose -2*p + 628 = -t + 644, t + 3*p = 46. Calculate the greatest common divisor of 256 and t.
4
Let h = 794 - 756. Calculate the greatest common divisor of 1957 and h.
19
Suppose 498 + 123 = 27*j. Calculate the highest common divisor of j and 11960.
23
Let b(u) = -96*u**3 + 3*u**2 + 4*u + 1. Let d be b(-1). Let x(o) = -10*o + 144. Let l be x(0). What is the highest common divisor of l and d?
48
Let o be (1 + (-8)/12)/((-16)/(-96)). Let p be (-87)/(o - 49/14). Calculate the highest common factor of p and 29.
29
Suppose 2*w - 30 = -w. Suppose 5*r + 5*y + 0*y = -10, 3*r + w = -4*y. Let v be ((-672)/(-126))/(5/15). What is the highest common divisor of r and v?
2
Let m be (2/(-5) - (-3760)/25)/((-204)/(-102)). Calculate the greatest common factor of 50 and m.
25
Let p(v) = -13*v + 168. Let f(g) = 45*g - 588. Let n(c) = -5*f(c) - 18*p(c). Let t be n(20). What is the highest common factor of t and 24?
24
Suppose 2*w - 140 + 56 = 0. Let g = 93 - 13. Let p = 87 - g. Calculate the greatest common divisor of p and w.
7
Let p be 2/(-6) + (-110)/3. Let y = -10711 + 10755. Let a = y + p. What is the greatest common divisor of 14 and a?
7
Suppose -939908 = 467*w - 3652244. Calculate the highest common factor of 240 and w.
48
Let f = 2290 + -1978. Calculate the greatest common factor of 36 and f.
12
Suppose -11*w = 3*p - 6*w - 149, w - 285 = -5*p. Suppose -64*h + p*h + 1218 = 0. What is the greatest common factor of 29 and h?
29
Suppose -2*l + 165 + 159 = 4*k, -264 = -3*k + 2*l. What is the greatest common divisor of 1890 and k?
42
Suppose -4*a = 4*k - 112, -k + 15 = 19. Calculate the greatest common factor of 1568 and a.
32
Let g be (-6122)/(-30) + (-2)/30. What is the highest common factor of g and 6834?
102
Suppose -4*i + 8*i - 479 = -k, -5*i + 602 = -2*k. What is the greatest common divisor of 885 and i?
15
Suppose 0 = -9*i - 3*i + 2856. Let m = -103 + i. Let j(r) = r**2 - r - 5. Let y be j(5). Calculate the greatest common factor of y and m.
15
Let v = 1487 - 2111. Let t be v/(-3) - (5/1 - 7). What is the highest common factor of t and 15?
15
Let v be (3 + 19)/((-6)/(-303)*1/23). Calculate the greatest common divisor of v and 22.
11
Suppose -154*v = 78*v - 41*v - 320880. What is the highest common divisor of v and 315?
105
Let s(z) = -z**2 - 154*z - 5665. Let t be s(-62). Calculate the highest common factor of 501 and t.
3
Let o(v) be the second derivative of -v**3 + 38*v**2 - v - 33. Let r be o(-13). Calculate the highest common factor of r and 11.
11
Let u be (14 - 8)*(0 - (-2)/3). Suppose s = u*l - 367, -3*s = 14*l - 19*l + 457. Calculate the highest common factor of 23 and l.
23
Let m(a) = a**3 - 30*a**2 + 72*a + 421. Let w be m(35). Calculate the greatest common factor of w and 12.
6
Let z(k) = k**3 + 3*k**2 - 2*k. Let r be z(1). Let m be ((-21)/(-6) - 4)*-18. Suppose m + 1 = 5*x. Calculate the greatest common divisor of r and x.
2
Suppose x = -4*z + 19, 0 = 5*x - 7*z + 3*z - 23. Let k(b) = -b**2 + 11*b + 8. Let j be k(x). What is the greatest common divisor of 72 and j?
36
Suppose 0*f + 4*f - 5*s - 2328 = 0, -5*f - 2*s + 2910 = 0. Calculate the greatest common divisor of f and 6.
6
Suppose -16*u + 50694 = 5*u. Suppose -u*x + 2416*x = 44. Let a(p) = -2*p**3 - 7*p**2 - 8*p - 5. Let q be a(-5). What is the greatest common divisor of q and x?
22
Let v(t) = 67*t**3 - 2*t**2 - t + 2. Let i be v(2). Suppose 0 = k + 4*u - 70, 10*u - 8*u = -5*k + 332. Calculate the greatest common factor of i and k.
66
Suppose 83368 = 4567*h - 4559*h. Calculate the highest common divisor of h and 17.
17
Let y(w) = 5*w**3 + 2*w**2 + 3. Let h be y(3). Suppose 352*a - 1058 - 1562 = -324 + 1928. What is the highest common divisor of a and h?
12
Let y(r) = 7*r**2 - r + 20. Let s(c) = 6*c**2 + 19. Let v(f) = 6*s(f) - 5*y(f). Let p be v(6). Let b = -76 + p. What is the greatest common divisor of 6 and b?
2
Suppose 5*d + 284 = 3*n, 3*d - 189 = -4*n + 151. Calculate the highest common divisor of 110 and n.
22
Let m = 658 - -50. Calculate the highest common factor of 132 and m.
12
Let b = 533 + -346. Suppose -d + w + 0 + 17 = 0, d - 17 = -2*w. What is the highest common divisor of b and d?
17
Let o be (-1)/(10/(-6))*(-136 + 186). Let c = 193 - 88. What is the highest common divisor of c and o?
15
Let o = -26 - -38. Suppose 440 = 16*v + 6*v. Calculate the highest common divisor of v and o.
4
Let u be (1464/60 - 1)/(12/40). Suppose -4*b + 18 + 346 = 0. Calculate the highest common divisor of b and u.
13
Let y(z) = -2*z**3 - 13*z**2 + 6*z + 3. Let a be y(-7). Suppose -a*h + 7*h + 825 = 0. What is the greatest common factor of h and 25?
25
Suppose 2*a - 325 = -i, 0 = 2*i - 5*i + 2*a + 975. Let q be -17 - ((7 - 0) + -273 + 224). What is the highest common divisor of i and q?
25
Let b = -20 - -38. Suppose -12 = l + 4*d - 3*d, 0 = 2*l - 3*d + 14. Let w = b + l. Calculate the greatest common factor of 20 and w.
4
Suppose 208 = 4*t - 116. Let j(f) = f**2 - 3. Let c be j(3). Calculate the highest common divisor of t and c.
3
Suppose 0 = 4*y - 2*c + 7*c - 153, 4*y = -c + 149. What is the highest common divisor of 518 and y?
37
Let n = 40 - -59. Let u be (9/2)/((-9)/(-18)). What is the greatest common factor of u and n?
9
Suppose -6*c + 0*c + 4*c = 0. Suppose -108 = -2*v - 2*k, c*k + 260 = 5*v - 5*k. Calculate the highest common divisor of 1537 and v.
53
Let k be -5*(-34)/(-10)*(-30 + -51). What is the greatest common factor of 153 and k?
153
Suppose f = -4*u - 0*u + 1552, 0 = 5*f - 2*u - 7672. Suppose 17*z + f = 23*z. What is the highest common divisor of z and 16?
16
Let m = 477 + -484. Let u(s) = s**2 - 20*s - 172. Let j be u(m). Calculate the highest common factor of j and 272.
17
Suppose 0 = -5*l + 25, 3*a - l - 55 = 6*a. Let v be 20/24 + (-369)/54. Let f be a/84*v*(10 - 3). Calculate the greatest common factor of 15 and f.
5
Let i = 848 - 352. Let x = -342 + i. What is the highest common divisor of x and 14?
14
Let u be 87/27 - (3 + (-25)/9). Suppose u*y = -8 + 23. Suppose -3*n = -4*r - 23, 5*r - r = y*n - 49. Calculate the greatest common divisor of 104 and n.
13
Let o be 2/(-4)*-4 + 34. Suppose 266 = 5*u + 3*i, -5 = -3*u - 4*i + 148. Let h = -51 + u. Calculate the highest common divisor of h and o